t of n?
1
Let d(l) = -l**2 - 11*l + 15. Let i = -5 - 7. Let n be d(i). Suppose 4*z + n*g - 76 = 0, 4*z - 76 = 6*g - 2*g. What is the units digit of z?
9
Let g = 1141 - 460. What is the units digit of g?
1
What is the tens digit of (6 + (-26)/4)*-1466?
3
Let j(v) = -v**3 + 9*v**2 + 20*v + 19. What is the units digit of j(10)?
9
Let r = -89 - -265. What is the units digit of r?
6
Suppose 0 = 5*u - 2*n - 83, u - 4*n = 3*u - 38. Let b = u - 3. Let c = 27 - b. What is the units digit of c?
3
Suppose 32*b - 33*b - 5*n = -362, 3*b + 3*n = 1062. What is the tens digit of b?
5
Let f(p) = 2*p + 4. Suppose -5*d + 0 = 20. Let m be f(d). What is the tens digit of 29/4*(-16)/m?
2
What is the thousands digit of -138*(430/(-20) - (1 + -1))?
2
Suppose -2*j - 1 = -3. Suppose -3*v + j = -8. What is the units digit of (-2)/(42/15 - v)?
0
Let s(u) = -u**2 - 51*u - 12. What is the hundreds digit of s(-22)?
6
Suppose 0 = 4*u - 12, 3*v = u + u - 51. Let l = 137 - v. What is the tens digit of 6/(-2)*l/(-24)?
1
Let x(j) = j**3 - 12*j**2 + 8. Let c(y) = 12*y**2 - 3*y + 3. Let n be c(1). What is the units digit of x(n)?
8
Suppose 238006 = 52*p + 7*p. What is the thousands digit of p?
4
Suppose -16*a + 27 = -7*a. Let d(b) = 12*b - 1. What is the units digit of d(a)?
5
Let i = 25 + -11. Suppose -x - i + 13 = 0. Let s = x - -24. What is the units digit of s?
3
Suppose 20*p = 24*p - 512. What is the units digit of p?
8
Suppose -18*w = -21*w + 1248. What is the tens digit of w?
1
Suppose -5*r + 65 = 80. What is the hundreds digit of (-2560)/8*r*1/4?
2
Let s(l) = 2*l**2 + 16*l + 2. Let f be s(-8). Suppose f*r = -11 + 211. What is the tens digit of r?
0
Suppose 0 = 4*i - 1111 - 1757. Suppose 3*g - 13*j + 9*j - i = 0, 0 = -5*g - 5*j + 1230. What is the tens digit of g?
4
What is the hundreds digit of ((-3612)/63)/((-4)/30)?
4
Suppose -2506 + 8518 = 18*k. What is the units digit of k?
4
Suppose 2*i = 3*u - 2768, -26*i = -3*u - 25*i + 2767. What is the units digit of u?
2
Let k(l) = 5*l - 4. Let o(t) = -4*t + 3. Let x(m) = -5*k(m) - 6*o(m). Let y be x(0). Suppose u = y*s - 0*u - 21, -u + 5 = 0. What is the units digit of s?
3
Let s(m) = m**2 - 2*m - 5. Let z be s(4). Suppose -2*p = -z*w - 14, 3*p = 4*p - w - 6. Suppose -24 = -0*i - p*i. What is the units digit of i?
6
Suppose -4356 = -5*u + 4*o, -o + 1559 - 5046 = -4*u. What is the tens digit of u?
7
Let d(q) = 57*q**3 + 6*q**2 - 8*q + 3. What is the tens digit of d(2)?
6
Suppose 0 = -29*s + 89*s - 95280. What is the hundreds digit of s?
5
Suppose 2*d - 2 = 4. Let o(v) = -3*v - 15. Let f be o(-12). Suppose 48 + f = 3*l + d*a, 0 = l + 3*a - 19. What is the tens digit of l?
2
Let h(m) = -m**2 - 9*m - 8. Let z be h(-8). Let u = 36 + -33. Suppose z = u*p + 8 - 71. What is the tens digit of p?
2
What is the units digit of 620136/450 + (-2)/25?
8
Let c = 371 - 171. What is the units digit of c/6*(-9)/(-3)?
0
Suppose 0 = -2*q - h + 3960 + 1325, -4*h + 2646 = q. What is the units digit of q?
2
Suppose 2 = -2*g - 2*n, 7 = -4*g + 5*n - 33. What is the hundreds digit of -7*(95/g + 2)?
1
Suppose -3*k + 87 = x - 7, -5*x + 490 = 5*k. Suppose -4*d + 156 = -x. What is the units digit of d?
4
Let d(n) = -11*n + 82. What is the units digit of d(-32)?
4
Let c be (-35)/(-45) + 12/54. Let o(m) = -2*m - 5. Let j be o(-6). What is the units digit of j*(3/c - 2)?
7
Let x(s) = -3*s**3 - 5*s**2 + 21*s - 5. Let k(b) = -2*b**3 - 3*b**2 + 11*b - 2. Let q(a) = -5*k(a) + 3*x(a). What is the tens digit of q(5)?
6
Let p(b) = 17*b + 35. Let r be p(-7). Let t = -36 - r. What is the tens digit of t?
4
Suppose -8*g - 10 = -10*g. Suppose j - 4*i = -6, -g*j + 3*i + 3 = -18. What is the units digit of (-36)/j*(-8)/6?
8
Suppose -2*g - 2*d + 79 + 123 = 0, 0 = 5*d + 25. Suppose 0 = q - 5*f - 30, 0 = 3*q + 3*f - 2*f - g. What is the units digit of q?
5
Suppose 0 = -m + 5, -5*m + 504 = 6*z - 5*z. Let t = -299 + z. What is the units digit of t?
0
Let s(q) = q**3 - 5*q**2 - 13*q + 13. Let w be (20/(-8) - -3)*16. What is the tens digit of s(w)?
0
Let z(y) = 30*y**2 - 2*y - 8. Let i be z(-2). Let l = 224 - i. What is the units digit of l?
8
Let v(x) = -x + 2. Let z be v(-6). Suppose 0 = 5*m - z - 17. Let f(q) = -q**3 + 6*q**2 + 6. What is the tens digit of f(m)?
3
Let p(g) = -g**2 + 3*g + 9. Let m be p(4). Suppose m*o + 0*d - 3*d = 330, 0 = -2*o - d + 132. What is the units digit of o?
6
Let z(y) = 3 + 5 + 19*y - 7 + 0. What is the units digit of z(3)?
8
Let g = -1 - -5. Suppose -4*x + 4 = 2*l, -g*x + 2*l = -2*l - 28. Suppose 3 = 2*k - x. What is the units digit of k?
3
Suppose -5*r + 4*g = -2912, -2*r + 1169 = g - 4*g. What is the hundreds digit of r?
5
Suppose 16*h + 25 = 11*h. What is the tens digit of -1*(-89 + -5 - h)?
8
Let o(b) = -b**3 + 17*b**2 - 10*b + 13. Let d = -54 - -70. What is the units digit of o(d)?
9
Suppose 84 = 6*m + 24. Let k(n) = n**2 - 5*n - 7. What is the tens digit of k(m)?
4
Suppose -20 = -5*a, 0 = 14*x - 11*x + 2*a - 6482. What is the thousands digit of x?
2
Let a be 4/(-2) + 3 + 16. Let l = 22 - 21. Let i = a - l. What is the units digit of i?
6
Suppose -21*u = -6152 - 4873. What is the tens digit of u?
2
Suppose 23*h = 28*h + 3*w - 658, -414 = -3*h + 3*w. What is the hundreds digit of h?
1
Suppose 0 = -286*z + 271*z + 2325. What is the units digit of z?
5
Let t(j) = -25*j + 179. What is the hundreds digit of t(-25)?
8
Suppose 8*u + l + 2276 = 9*u, -u + 3*l + 2266 = 0. What is the tens digit of u?
8
What is the tens digit of (7 + (-1592)/12)*-3?
7
Let m = -42 + 44. Suppose 4*a - 246 = -2*v, a + 66 = m*a + 2*v. What is the units digit of a?
0
Suppose 0 = 2*i, -t = t + 3*i - 10. Let z be t + (-1 - 0) - 1. What is the units digit of ((-33)/9)/(z/(-9))?
1
Let h(l) = -l**2 + 3*l + 6. Let u be h(4). What is the tens digit of u - (-7 - -4 - 77)?
8
Let j(i) = -4*i**3 - 3*i**2 - 3*i + 3. Let q(z) = -7*z**3 - 7*z**2 - 7*z + 6. Let s(w) = -5*j(w) + 3*q(w). What is the tens digit of s(-6)?
3
Let i = -30 - -33. Let w(g) = 13*g**2 + 7 + i - 12*g**2 - 4*g. What is the units digit of w(9)?
5
Suppose -2 = -2*s + 2*z - 0*z, 4*s - 5*z = 1. Let g be 0 - (-2)/s*10. Suppose 2 = -2*o - 2*r, 4*o - 2*r = 31 - g. What is the units digit of o?
4
Suppose 10*k - 2*k = 664. Suppose -5*p = 2*u - 236 - 113, 4*u = p - k. What is the tens digit of p?
7
Let j(k) = 36*k**2 - 9*k - 7. Let x(b) = -18*b**2 + 5*b + 4. Let r(z) = 3*j(z) + 5*x(z). What is the units digit of r(-1)?
9
Let k = 429 + -232. What is the units digit of k?
7
Let i(l) = -l**3 - 2*l**2 + 14*l - 1. Let v be i(3). What is the units digit of (-221)/v + (-3)/12?
5
Suppose 4*x = 4 + 8. Suppose -2*l = 2*m + 8, 0 = m + m + x*l + 13. What is the units digit of (-2)/(m + 10/(-6))?
3
Let o = -28 + 41. Suppose -9*w + o + 23 = 0. Suppose -w*u + 134 = -46. What is the tens digit of u?
4
Let s(p) = -4*p**3 - 2*p**2 - 3*p - 2. Let f be s(-1). Suppose 3*u = 5*x - 97, 0 = 4*x + f*u - 83 - 0. What is the units digit of x?
0
Suppose -4*y - 13 = -1, 2*x + 4*y = -8. Suppose -4*u = -x*v + v + 85, -4*v + 304 = -4*u. What is the tens digit of v?
7
What is the units digit of -7 - (-5754)/(63/9)?
5
Suppose 3*r = 4*k + 14570, -3*k + 2912 = r - 1923. What is the thousands digit of r?
4
Suppose 4*u - 7*u - 2*f + 1686 = 0, u - 5*f - 562 = 0. What is the tens digit of u?
6
Suppose 3*z + 3*z - 30 = 0. What is the tens digit of (-70)/4*(-28)/z?
9
Let g(o) = -3*o + 7*o**2 - 4 - 2 + o**3 - 2 + 2. What is the units digit of g(-6)?
8
Let y(z) = -z + 1. Let s(u) = 26*u + 25. Let t(q) = s(q) - 4*y(q). What is the units digit of t(3)?
1
Let o = -5769 + 9880. What is the hundreds digit of o?
1
Let t = -190 - -802. What is the tens digit of t?
1
Suppose 4*c + 2*m = 5386, 2*c - 3*m = -2*m + 2683. What is the units digit of c?
4
Suppose 0 = 4*j - 617 - 2335. Suppose -j = -2*y - 4*y. What is the units digit of y?
3
Let q = -99 + 379. What is the units digit of q?
0
Let y be ((-2)/(-4))/((9/10)/9). Suppose y*m - 355 - 25 = 0. What is the units digit of m?
6
Let m(l) = 2*l - 7. Let p be m(7). Let h(s) be the second derivative of -s**5/20 + 2*s**4/3 - 2*s**3/3 - 2*s**2 + 11*s. What is the units digit of h(p)?
7
Let n(b) = 9*b**2 - 4*b + 131. What is the tens digit of n(-14)?
5
Let h = -276 + 361. What is the units digit of h?
5
Let v = -809 - -471. Let p = v - 